= c + 2*p - 30, -c - 4*c = 5*p - w. Calculate the highest common factor of c and 80.
20
Let c be 2*((-35)/2 + -2). Let i = -4 - c. Suppose 16*k + 42 = 22*k. What is the highest common factor of i and k?
7
Let c be (830 - 0)*(1 + 6)/7. What is the greatest common divisor of c and 20?
10
Suppose 0 = 2*w - 5*n - 201, -2*w + 0*w + 181 = -n. Let p be (27/(-12))/((-2)/w). Calculate the highest common factor of p and 9.
9
Let u(g) = -8*g + 506. Let h be u(55). Calculate the greatest common factor of 33 and h.
33
Let s = -27 - -35. Suppose 12*b = 11*b + s. Calculate the greatest common factor of 2 and b.
2
Suppose -5*m = -8 - 22. Suppose 60 = -m*j + 210. What is the greatest common factor of 325 and j?
25
Let n(s) = -4*s**2 - 2*s + 10. Let p be n(0). What is the greatest common factor of 310 and p?
10
Suppose -z = -3, -3*u + 48 = -2*z - 2*z. Suppose 4*y = u + 20. What is the greatest common divisor of y and 80?
10
Suppose 2*l = 4*l. Suppose l = 2*d, -4*d - 4 - 4 = -4*f. Calculate the highest common factor of f and 10.
2
Let s(i) = -i**2 - 64*i + 2146. Let n be s(24). Let x = 222 + -52. Calculate the highest common factor of n and x.
34
Suppose -17*p = 92 - 466. Calculate the highest common divisor of p and 187.
11
Suppose 3*f + 2*a = 8*f - 133, 3*f = 5*a + 76. What is the greatest common factor of f and 27?
27
Suppose -10*v = -283 - 397. Calculate the greatest common divisor of v and 34.
34
Let v = 551 + -411. Calculate the greatest common divisor of 100 and v.
20
Let h(w) = w**2 - 3*w - 7. Let t be h(-8). Calculate the greatest common divisor of t and 27.
27
Let u = -1714 + 2428. What is the highest common factor of u and 21?
21
Let m(n) = 2*n + 22. Let k be m(-9). Suppose i - 556 = -2*i - l, l = -k*i + 743. What is the greatest common divisor of i and 17?
17
Suppose -4*d - 7 + 19 = -2*w, -w = 5*d - 8. Let b(h) = 3*h + 2 + h - 3*h + h**3 - 2*h**d. Let t be b(4). What is the highest common factor of 38 and t?
38
Suppose 3*a - 555 = i, 188 - 3 = a + 2*i. Calculate the greatest common divisor of 37 and a.
37
Let k = 3082 + -2816. Let t = -52 - -90. What is the highest common divisor of k and t?
38
Let n(p) = 2*p**2 + 22*p + 2. Let a be n(0). Suppose 0 = -2*s + 4*s - 5*l - 1, 3*s = 4*l + 5. What is the greatest common divisor of a and s?
1
Suppose -9*d - 123 = -13*d - 3*k, -2*d + 63 = k. What is the greatest common factor of 9 and d?
3
Let k(z) = -z**2 - 15*z - 22. Let h be k(-13). Suppose 3*v = b + 2*b - 24, -h*v = -2*b + 22. Calculate the highest common divisor of b and 35.
5
Let u(r) = -4*r + 21. Let i be u(-2). Calculate the greatest common divisor of i and 319.
29
Let n = 171 - 461. Let y = -182 - n. Calculate the highest common factor of 12 and y.
12
Suppose 0 = w - 3*w + 8. Suppose w*j - 37 = 215. Let a be 2 + j - -4 - -1. Calculate the greatest common factor of 10 and a.
10
Let k(d) = -9*d**2 - 2*d + 2. Let u(v) = 3*v**2 - 2*v + 1. Let j be u(1). Let x be k(j). Let a = 53 + x. Calculate the greatest common factor of 6 and a.
3
Let t(y) be the first derivative of y + 0*y**3 + 1 + 1/4*y**4 - 1/2*y**2. Let p be t(0). Calculate the highest common divisor of p and 7.
1
Suppose -7*y + 152 - 89 = 0. What is the greatest common factor of y and 1557?
9
Let l be (-10)/((-180)/(-459))*-4. Suppose -5*n = -3*n - 68. What is the highest common divisor of l and n?
34
Let l(f) = -f**2 - 2*f + 2. Let h be l(0). Suppose 0 = -j + h*j. Suppose 18*x - 21*x + 108 = j. What is the highest common factor of 24 and x?
12
Let b = -6 + 7. Let m be 4*(b - 7/(-4)). Let l(p) = 6*p**2 + 2*p + 6. Let d be l(4). Calculate the greatest common divisor of m and d.
11
Let v be (-1074)/(-27) + 2/9. Let n = -25 - -75. Suppose 16*d - 6*d = n. Calculate the greatest common factor of v and d.
5
Suppose 0 = z + f - 9, 0*z + 4*f - 12 = -z. Let l(x) = 2*x**2 - 2*x + 3. Let h be l(z). Calculate the highest common factor of 46 and h.
23
Let q = -20 - -39. Let r = -31 + 126. What is the greatest common factor of r and q?
19
Let o be (-403)/(-341) + -1 + (-18)/(-22). Suppose 8*l = -o + 217. What is the greatest common factor of 27 and l?
27
Let p(r) = 78*r + 646. Let q be p(-7). What is the highest common factor of 650 and q?
50
Let p = -48 - -49. Let a be p*(177 + -8)*(-1)/(-1). What is the highest common factor of 13 and a?
13
Let m be -4*(1/2)/(6/(-9)). Suppose 2*q = -m*q + 10. Calculate the greatest common factor of q and 6.
2
Suppose -20*t = -44*t + 216. What is the highest common divisor of t and 99?
9
Let i(r) = -r**2 - 36*r - 140. Let z be i(-22). Calculate the greatest common divisor of 294 and z.
42
Let x = -70 + 70. Suppose 2*o - 72 = -x*o. Calculate the highest common divisor of o and 4.
4
Suppose 0 = 7*c - 3*c. Suppose o + c*o = 11. Let t = 142 + -120. What is the highest common divisor of o and t?
11
Let k(f) = 6*f**2 - 30*f + 12. Let q be k(5). What is the greatest common factor of 14 and q?
2
Let b be -3*5/(-30) + 35/2. Let t(q) = -20*q**3 + 2*q**2 + 3*q. Let k be t(-2). What is the highest common divisor of b and k?
18
Let q(b) = -2*b**2 + 18*b - 17. Let k be q(8). Let g = 15 + k. Calculate the highest common divisor of g and 14.
14
Suppose 6*g + 70 = 13*g. Let s be (16/g)/((80/(-75))/(-8)). Calculate the highest common factor of s and 2.
2
Suppose 25 - 45 = -5*i. Suppose -y = 4*n + 13, i*n + 14 = y - 13. What is the greatest common factor of y and 21?
7
Let g be (-2)/9 + 400/18. Suppose -5*w + 4 = 3*c, 4*c - 4*w - 13 = c. Let d = 36 - c. Calculate the greatest common divisor of g and d.
11
Let m be (-52 + -1)/(8/(-16)). Suppose 4*k - 314 = -m. Let g = -25 + k. Calculate the greatest common factor of 9 and g.
9
Let z(b) = -b**3 - b**2 + 2*b + 2. Let p be z(-2). Let t(d) = -d**3 - 12*d**2 - 28*d - 3. Let q be t(-9). Calculate the greatest common factor of p and q.
2
Suppose -6744 = -12*g - 36. Calculate the greatest common factor of 13 and g.
13
Suppose -5*j - 55 = -5*h, -3*h - 177 + 200 = -5*j. Let s be 118/3 + (-2)/(-3). What is the highest common divisor of h and s?
8
Suppose 2136 - 330 = 14*c. Calculate the greatest common factor of c and 215.
43
Let x = -399 - -405. What is the highest common divisor of 114 and x?
6
Let s be 9*(-2)/(-30) + (-148)/(-20). Calculate the highest common factor of 20 and s.
4
Suppose -5*y - 11*y + 3472 = 0. Calculate the greatest common factor of 21 and y.
7
Suppose 4*k = -3*t - 4 - 6, 0 = 4*t - 2*k + 50. Suppose 0 = 5*j + 3*y - 97, 1 = 3*j - 5*y - 30. Let f = t + j. What is the highest common factor of f and 7?
7
Let v(t) = -t**2 - 3*t + 1. Let y be v(-5). Let d = -7 - y. Calculate the greatest common divisor of 1 and d.
1
Let x = 476 - 425. What is the highest common divisor of x and 68?
17
Let f be 906/14 + 2/7. Let t = 1292 - 1287. Calculate the highest common factor of t and f.
5
Let o be (-182)/((-1 + (-25)/(-30))*4). What is the highest common factor of o and 63?
21
Let t = 29 + -5. Let f = t + -6. Suppose f = r + r. What is the greatest common divisor of r and 81?
9
Let i(k) = 8*k + 130. Let x be i(-14). Calculate the greatest common factor of 324 and x.
18
Let t(p) = -4*p - 13. Let z be t(-4). Suppose 5*x - 56 = 4*n, -2*x = -3*x + z*n + 20. Calculate the highest common factor of 88 and x.
8
Let m be (-102)/(8/((-4176)/27)). What is the highest common factor of 116 and m?
116
Suppose 28 = -4*y + 3*y. Let c be 77/y - (-3)/4. Let i be c/1 + (-1 - -11). What is the greatest common divisor of 72 and i?
8
Suppose -2*k + 85 - 482 = -5*p, -5*p - 4*k = -421. Calculate the greatest common factor of 126 and p.
9
Let h(f) = 10*f**2 + 17*f + 53. Let y be h(-7). Calculate the highest common factor of 159 and y.
53
Let m(b) = 2*b**2 - 33*b + 61. Let c be m(21). Calculate the highest common factor of c and 70.
10
Let j = 54 + -55. Let z be (8 - 7) + -3 - (j + -9). Calculate the greatest common factor of 40 and z.
8
Let b(u) = -2*u**2 - 19*u + 129. Let h be b(-14). Calculate the greatest common divisor of h and 21.
3
Let g = 21 - 17. Suppose -g*u + 714 = 5*h, 3*h + 3*u = -135 + 561. Let a be h/16 + 2/(-16). What is the greatest common factor of 1 and a?
1
Let u be -3*((-141)/9 + -1). Suppose 4*n + 2*w = -w + 585, 4*n = 2*w + 610. Calculate the greatest common factor of n and u.
50
Let l = -4 + 76. Suppose 5*a - l = -7*a. What is the greatest common f